{"id":209,"date":"2014-03-17T14:04:47","date_gmt":"2014-03-17T13:04:47","guid":{"rendered":"http:\/\/inforef.be\/exterieurs\/formeduc_wp\/?page_id=209"},"modified":"2018-10-30T08:48:21","modified_gmt":"2018-10-30T07:48:21","slug":"agenda-reunions","status":"publish","type":"page","link":"https:\/\/formeduc.be\/?page_id=209","title":{"rendered":"Agenda r\u00e9unions"},"content":{"rendered":"<p>&nbsp;<\/p>\n<p>Calendrier 2018-19<\/p>\n<p>&nbsp;<\/p>\n<p>Prochaine mise au vert : le 14 mars 2019. \u00a0Les informations vont suivre<\/p>\n<p>R\u00e9unions pl\u00e9ni\u00e8res : 14 mai 2019 \u00e0 17H30 \u00e0 Namur, 14 octobre 2019 \u00e0 Namur<\/p>\n<p>&nbsp;<\/p>\n<p>&nbsp;<\/p>\n<p>&nbsp;<\/p>\n<p>&nbsp;<\/p>\n<p>&nbsp;<\/p>\n","protected":false},"excerpt":{"rendered":"<p>&nbsp; Calendrier 2018-19 &nbsp; Prochaine mise au vert : le 14 mars 2019. \u00a0Les informations vont suivre R\u00e9unions pl\u00e9ni\u00e8res : 14 mai 2019 \u00e0 17H30 \u00e0 Namur, 14 octobre 2019 \u00e0 Namur &nbsp; &nbsp; &nbsp; &nbsp; &nbsp;<\/p>\n","protected":false},"author":1,"featured_media":651,"parent":42,"menu_order":0,"comment_status":"closed","ping_status":"closed","template":"","meta":{"footnotes":""},"class_list":["post-209","page","type-page","status-publish","has-post-thumbnail","hentry"],"_links":{"self":[{"href":"https:\/\/formeduc.be\/index.php?rest_route=\/wp\/v2\/pages\/209","targetHints":{"allow":["GET"]}}],"collection":[{"href":"https:\/\/formeduc.be\/index.php?rest_route=\/wp\/v2\/pages"}],"about":[{"href":"https:\/\/formeduc.be\/index.php?rest_route=\/wp\/v2\/types\/page"}],"author":[{"embeddable":true,"href":"https:\/\/formeduc.be\/index.php?rest_route=\/wp\/v2\/users\/1"}],"replies":[{"embeddable":true,"href":"https:\/\/formeduc.be\/index.php?rest_route=%2Fwp%2Fv2%2Fcomments&post=209"}],"version-history":[{"count":15,"href":"https:\/\/formeduc.be\/index.php?rest_route=\/wp\/v2\/pages\/209\/revisions"}],"predecessor-version":[{"id":713,"href":"https:\/\/formeduc.be\/index.php?rest_route=\/wp\/v2\/pages\/209\/revisions\/713"}],"up":[{"embeddable":true,"href":"https:\/\/formeduc.be\/index.php?rest_route=\/wp\/v2\/pages\/42"}],"wp:featuredmedia":[{"embeddable":true,"href":"https:\/\/formeduc.be\/index.php?rest_route=\/wp\/v2\/media\/651"}],"wp:attachment":[{"href":"https:\/\/formeduc.be\/index.php?rest_route=%2Fwp%2Fv2%2Fmedia&parent=209"}],"curies":[{"name":"wp","href":"https:\/\/api.w.org\/{rel}","templated":true}]}}

Agenda réunions

<p>&nbsp;</p>
<p>Calendrier 2018-19</p>
<p>&nbsp;</p>
<p>Prochaine mise au vert : le 14 mars 2019.  Les informations vont suivre</p>
<p>Réunions plénières : 14 mai 2019 à 17H30 à Namur, 14 octobre 2019 à Namur</p>
<p>&nbsp;</p>
<p>&nbsp;</p>
<p>&nbsp;</p>
<p>&nbsp;</p>
<p>&nbsp;</p>

<p>&nbsp; Calendrier 2018-19 &nbsp; Prochaine mise au vert : le 14 mars 2019.  Les informations vont suivre Réunions plénières : 14 mai 2019 à 17H30 à Namur, 14 octobre 2019 à Namur &nbsp; &nbsp; &nbsp; &nbsp; &nbsp;</p>
