{"id":213,"date":"2014-03-17T14:09:22","date_gmt":"2014-03-17T13:09:22","guid":{"rendered":"http:\/\/inforef.be\/exterieurs\/formeduc_wp\/?page_id=213"},"modified":"2019-01-24T12:14:02","modified_gmt":"2019-01-24T11:14:02","slug":"journees-detude-et-colloques","status":"publish","type":"page","link":"https:\/\/formeduc.be\/?page_id=213","title":{"rendered":"Journ\u00e9es d&rsquo;\u00e9tude, expos et colloques"},"content":{"rendered":"<p>&nbsp;<\/p>\n<p>Dans le cadre de l&rsquo;exposition <b><i>Vivre. Les m\u00e9tiers du social, 100 ans d\u2019histoire et de formation<\/i><\/b>, des tables rondes et des conf\u00e9rences sont organis\u00e9es, avec une premi\u00e8re date \u00e0 bloquer \u00e0 votre agenda, celle du mardi <strong>5 f\u00e9vrier \u00e0 18h30 sur le th\u00e8me :<\/strong><\/p>\n<p><b><i>\u00ab\u00a0De l\u2019\u00e9galit\u00e9 \u00e0 la pauvret\u00e9. Une socio-histoire de l\u2019assistance en Belgique\u00a0\u00bb.<\/i><\/b><\/p>\n<p><a href=\"https:\/\/formeduc.be\/wp-content\/uploads\/2013\/11\/Expo-Abfris.jpg\" rel=\"attachment wp-att-726\"><img loading=\"lazy\" decoding=\"async\" class=\"alignnone size-medium wp-image-726\" src=\"https:\/\/formeduc.be\/wp-content\/uploads\/2013\/11\/Expo-Abfris-300x100.jpg\" alt=\"Expo Abfris\" width=\"300\" height=\"100\" srcset=\"https:\/\/formeduc.be\/wp-content\/uploads\/2013\/11\/Expo-Abfris-300x100.jpg 300w, https:\/\/formeduc.be\/wp-content\/uploads\/2013\/11\/Expo-Abfris-768x256.jpg 768w, https:\/\/formeduc.be\/wp-content\/uploads\/2013\/11\/Expo-Abfris-1024x342.jpg 1024w\" sizes=\"auto, (max-width: 300px) 100vw, 300px\" \/><\/a> <a href=\"https:\/\/formeduc.be\/wp-content\/uploads\/2013\/11\/ABFRIS-La-Fonderie-D\u00e9pliant-expo.pdf\" rel=\"\">ABFRIS La Fonderie D\u00e9pliant expo<\/a><\/p>\n<p>Une invitation de l&rsquo;ASBL CPSE pour le jeudi 16 mars 2017<\/p>\n<p><a href=\"https:\/\/formeduc.be\/wp-content\/uploads\/2014\/03\/image001.png\" rel=\"attachment wp-att-617\"><img loading=\"lazy\" decoding=\"async\" class=\"alignnone size-medium wp-image-617\" src=\"https:\/\/formeduc.be\/wp-content\/uploads\/2014\/03\/image001-215x300.png\" alt=\"image001\" width=\"215\" height=\"300\" srcset=\"https:\/\/formeduc.be\/wp-content\/uploads\/2014\/03\/image001-215x300.png 215w, https:\/\/formeduc.be\/wp-content\/uploads\/2014\/03\/image001-768x1069.png 768w, https:\/\/formeduc.be\/wp-content\/uploads\/2014\/03\/image001-736x1024.png 736w, https:\/\/formeduc.be\/wp-content\/uploads\/2014\/03\/image001.png 1517w\" sizes=\"auto, (max-width: 215px) 100vw, 215px\" \/><\/a><\/p>\n<p>&nbsp;<\/p>\n<p>&nbsp;<\/p>\n<figure id=\"attachment_604\" aria-describedby=\"caption-attachment-604\" style=\"width: 213px\" class=\"wp-caption alignnone\"><a href=\"https:\/\/formeduc.be\/wp-content\/uploads\/2017\/03\/Affiche-2017-format-r\u00e9duit-1.jpg\" rel=\"attachment wp-att-604\"><img loading=\"lazy\" decoding=\"async\" class=\"wp-image-604 size-medium\" src=\"https:\/\/formeduc.be\/wp-content\/uploads\/2017\/03\/Affiche-2017-format-r\u00e9duit-1-213x300.jpg\" alt=\"Affiche 2017 format r\u00e9duit\" width=\"213\" height=\"300\" srcset=\"https:\/\/formeduc.be\/wp-content\/uploads\/2017\/03\/Affiche-2017-format-r\u00e9duit-1-213x300.jpg 213w, https:\/\/formeduc.be\/wp-content\/uploads\/2017\/03\/Affiche-2017-format-r\u00e9duit-1-768x1079.jpg 768w, https:\/\/formeduc.be\/wp-content\/uploads\/2017\/03\/Affiche-2017-format-r\u00e9duit-1-729x1024.jpg 729w, https:\/\/formeduc.be\/wp-content\/uploads\/2017\/03\/Affiche-2017-format-r\u00e9duit-1.jpg 1261w\" sizes=\"auto, (max-width: 213px) 100vw, 213px\" \/><\/a><figcaption id=\"caption-attachment-604\" class=\"wp-caption-text\">Expo Art en moi du 11 mars au 2 avril 2017 &#8211; Ateliers Fucam \u00e0 Mons<\/figcaption><\/figure>\n<p><a href=\"https:\/\/formeduc.be\/wp-content\/uploads\/2017\/03\/Flyer-Art-en-Moi.pdf\" rel=\"\">Flyer Art en Moi<\/a><\/p>\n<p><a href=\"https:\/\/formeduc.be\/wp-content\/uploads\/2017\/03\/Invitation.pdf\" rel=\"\">Invitation<\/a><\/p>\n<div class=\"page\" title=\"Page 1\">\n<div class=\"section\">\n<div class=\"layoutArea\">\n<div class=\"column\">\n<p>Dans le cadre de l\u2019exposition (11 mars au 02 avril 2017), l\u2019ASBL Inclusion Mons, vous invite \u00e0 une journ\u00e9e d\u2019\u00e9changes, le vendredi 24 mars, sur le th\u00e8me de la vie affective, relationnelle et sexuelle de la personne en situation de handicap.<\/p>\n<\/div>\n<\/div>\n<\/div>\n<\/div>\n<p><a href=\"https:\/\/formeduc.be\/wp-content\/uploads\/2017\/03\/Conf\u00e9rence-VARS-Art-en-Moi.pdf.pdf\" rel=\"\">Conf\u00e9rence VARS Art en Moi.pdf<\/a><\/p>\n","protected":false},"excerpt":{"rendered":"<p>&nbsp; Dans le cadre de l&rsquo;exposition Vivre. Les m\u00e9tiers du social, 100 ans d\u2019histoire et de formation, des tables rondes et des conf\u00e9rences sont organis\u00e9es, avec une premi\u00e8re date \u00e0 bloquer \u00e0 votre agenda, celle du mardi 5 f\u00e9vrier \u00e0 18h30 sur le th\u00e8me : \u00ab\u00a0De l\u2019\u00e9galit\u00e9 \u00e0 la pauvret\u00e9. Une socio-histoire de l\u2019assistance en &hellip; <a href=\"https:\/\/formeduc.be\/?page_id=213\" class=\"more-link\">Continuer la lecture de <span class=\"screen-reader-text\">Journ\u00e9es d&rsquo;\u00e9tude, expos et colloques<\/span><\/a><\/p>\n","protected":false},"author":1,"featured_media":0,"parent":42,"menu_order":0,"comment_status":"closed","ping_status":"closed","template":"","meta":{"footnotes":""},"class_list":["post-213","page","type-page","status-publish","hentry"],"_links":{"self":[{"href":"https:\/\/formeduc.be\/index.php?rest_route=\/wp\/v2\/pages\/213","targetHints":{"allow":["GET"]}}],"collection":[{"href":"https:\/\/formeduc.be\/index.php?rest_route=\/wp\/v2\/pages"}],"about":[{"href":"https:\/\/formeduc.be\/index.php?rest_route=\/wp\/v2\/types\/page"}],"author":[{"embeddable":true,"href":"https:\/\/formeduc.be\/index.php?rest_route=\/wp\/v2\/users\/1"}],"replies":[{"embeddable":true,"href":"https:\/\/formeduc.be\/index.php?rest_route=%2Fwp%2Fv2%2Fcomments&post=213"}],"version-history":[{"count":10,"href":"https:\/\/formeduc.be\/index.php?rest_route=\/wp\/v2\/pages\/213\/revisions"}],"predecessor-version":[{"id":729,"href":"https:\/\/formeduc.be\/index.php?rest_route=\/wp\/v2\/pages\/213\/revisions\/729"}],"up":[{"embeddable":true,"href":"https:\/\/formeduc.be\/index.php?rest_route=\/wp\/v2\/pages\/42"}],"wp:attachment":[{"href":"https:\/\/formeduc.be\/index.php?rest_route=%2Fwp%2Fv2%2Fmedia&parent=213"}],"curies":[{"name":"wp","href":"https:\/\/api.w.org\/{rel}","templated":true}]}}

Journées d&rsquo;étude, expos et colloques

<p>&nbsp;</p>
<p>Dans le cadre de l&rsquo;exposition <b><i>Vivre. Les métiers du social, 100 ans d’histoire et de formation</i></b>, des tables rondes et des conférences sont organisées, avec une première date à bloquer à votre agenda, celle du mardi <strong>5 février à 18h30 sur le thème :</strong></p>
<p><b><i>« De l’égalité à la pauvreté. Une socio-histoire de l’assistance en Belgique ».</i></b></p>
<p><a href="https://formeduc.be/wp-content/uploads/2013/11/Expo-Abfris.jpg" rel="attachment wp-att-726"><img loading="lazy" decoding="async" class="alignnone size-medium wp-image-726" src="https://formeduc.be/wp-content/uploads/2013/11/Expo-Abfris-300x100.jpg" alt="Expo Abfris" width="300" height="100" srcset="https://formeduc.be/wp-content/uploads/2013/11/Expo-Abfris-300x100.jpg 300w, https://formeduc.be/wp-content/uploads/2013/11/Expo-Abfris-768x256.jpg 768w, https://formeduc.be/wp-content/uploads/2013/11/Expo-Abfris-1024x342.jpg 1024w" sizes="auto, (max-width: 300px) 100vw, 300px" /></a> <a href="https://formeduc.be/wp-content/uploads/2013/11/ABFRIS-La-Fonderie-Dépliant-expo.pdf" rel="">ABFRIS La Fonderie Dépliant expo</a></p>
<p>Une invitation de l&rsquo;ASBL CPSE pour le jeudi 16 mars 2017</p>
<p><a href="https://formeduc.be/wp-content/uploads/2014/03/image001.png" rel="attachment wp-att-617"><img loading="lazy" decoding="async" class="alignnone size-medium wp-image-617" src="https://formeduc.be/wp-content/uploads/2014/03/image001-215x300.png" alt="image001" width="215" height="300" srcset="https://formeduc.be/wp-content/uploads/2014/03/image001-215x300.png 215w, https://formeduc.be/wp-content/uploads/2014/03/image001-768x1069.png 768w, https://formeduc.be/wp-content/uploads/2014/03/image001-736x1024.png 736w, https://formeduc.be/wp-content/uploads/2014/03/image001.png 1517w" sizes="auto, (max-width: 215px) 100vw, 215px" /></a></p>
<p>&nbsp;</p>
<p>&nbsp;</p>
<figure id="attachment_604" aria-describedby="caption-attachment-604" style="width: 213px" class="wp-caption alignnone"><a href="https://formeduc.be/wp-content/uploads/2017/03/Affiche-2017-format-réduit-1.jpg" rel="attachment wp-att-604"><img loading="lazy" decoding="async" class="wp-image-604 size-medium" src="https://formeduc.be/wp-content/uploads/2017/03/Affiche-2017-format-réduit-1-213x300.jpg" alt="Affiche 2017 format réduit" width="213" height="300" srcset="https://formeduc.be/wp-content/uploads/2017/03/Affiche-2017-format-réduit-1-213x300.jpg 213w, https://formeduc.be/wp-content/uploads/2017/03/Affiche-2017-format-réduit-1-768x1079.jpg 768w, https://formeduc.be/wp-content/uploads/2017/03/Affiche-2017-format-réduit-1-729x1024.jpg 729w, https://formeduc.be/wp-content/uploads/2017/03/Affiche-2017-format-réduit-1.jpg 1261w" sizes="auto, (max-width: 213px) 100vw, 213px" /></a><figcaption id="caption-attachment-604" class="wp-caption-text">Expo Art en moi du 11 mars au 2 avril 2017 &#8211; Ateliers Fucam à Mons</figcaption></figure>
<p><a href="https://formeduc.be/wp-content/uploads/2017/03/Flyer-Art-en-Moi.pdf" rel="">Flyer Art en Moi</a></p>
<p><a href="https://formeduc.be/wp-content/uploads/2017/03/Invitation.pdf" rel="">Invitation</a></p>
<div class="page" title="Page 1">
<div class="section">
<div class="layoutArea">
<div class="column">
<p>Dans le cadre de l’exposition (11 mars au 02 avril 2017), l’ASBL Inclusion Mons, vous invite à une journée d’échanges, le vendredi 24 mars, sur le thème de la vie affective, relationnelle et sexuelle de la personne en situation de handicap.</p>
</div>
</div>
</div>
</div>
<p><a href="https://formeduc.be/wp-content/uploads/2017/03/Conférence-VARS-Art-en-Moi.pdf.pdf" rel="">Conférence VARS Art en Moi.pdf</a></p>

<p>&nbsp; Dans le cadre de l&rsquo;exposition Vivre. Les métiers du social, 100 ans d’histoire et de formation, des tables rondes et des conférences sont organisées, avec une première date à bloquer à votre agenda, celle du mardi 5 février à 18h30 sur le thème : « De l’égalité à la pauvreté. Une socio-histoire de l’assistance en &hellip; <a href="https://formeduc.be/?page_id=213" class="more-link">Continuer la lecture de <span class="screen-reader-text">Journées d&rsquo;étude, expos et colloques</span></a></p>
