{"id":243,"date":"2014-09-19T09:57:11","date_gmt":"2014-09-19T08:57:11","guid":{"rendered":"http:\/\/inforef.be\/exterieurs\/formeduc_wp\/?page_id=243"},"modified":"2022-12-02T10:59:58","modified_gmt":"2022-12-02T09:59:58","slug":"diversite-de-nos-professions","status":"publish","type":"page","link":"https:\/\/formeduc.be\/?page_id=243","title":{"rendered":"Diversit\u00e9 de notre m\u00e9tier de formateur"},"content":{"rendered":"<p>Le groupe Form\u00e9duc est constitu\u00e9 de formateurs d&rsquo;\u00e9tudiants \u00e9ducateurs sp\u00e9cialis\u00e9s qui enseignent diff\u00e9rentes disciplines. \u00a0Nous sommes plusieurs repr\u00e9sentants de chacune des \u00e9coles cit\u00e9es ci-dessous et nous avons chacun nos sp\u00e9cificit\u00e9s. \u00a0Nous pensons que cette diversit\u00e9 donne lieu \u00e0 des \u00e9changes riches et diversifi\u00e9s. \u00a0Certains d&rsquo;entre nous sont ou ont \u00e9t\u00e9 \u00e9ducateurs sp\u00e9cialis\u00e9s. \u00a0Parfois, nos parcours professionnels, nos formations compl\u00e9mentaires ou nos int\u00e9r\u00eats nous ont conduits \u00e0 donner tel ou tel cours. \u00a0Pour ces diverses raisons, nous avons d\u00e9cid\u00e9 de nous pr\u00e9senter\u00a0en indiquant les cours que nous enseignons et le groupe de travail (GT) dans lequel nous collaborons.<\/p>\n<p><strong>Rhizome<\/strong><\/p>\n<p><em><span style=\"color: #0000ff;\">Pierre Van Hoye<\/span><\/em><\/p>\n<p><strong style=\"font-weight: bold !important;\">Haute Ecole R.Schuman &#8211; Virton<\/strong><\/p>\n<p><span style=\"color: #3366ff;\"><em>Isabelle Lambert<\/em><\/span> , Ma\u00eetre-Assistant\u00a0de psychologie et de g\u00e9rontologie, Coordinatrice du SAR, Impliqu\u00e9e dans le GT TFE<\/p>\n<p><span style=\"color: #3366ff;\"><em>Bernard Moch<\/em><\/span>, Ma\u00eetre-assistant, coordination stages. \u00a0Impliqu\u00e9 dans le GT stages<\/p>\n<p><em><span style=\"color: #3366ff;\">Anne-Claire Potvin,<\/span><\/em> Ma\u00eetre-Assistante en psychologie, coordination<\/p>\n<p><strong>HEB &#8211; De Fr\u00e9 &#8211; Bruxelles<\/strong><\/p>\n<p><span style=\"color: #3366ff;\"><em>Fran\u00e7ois Gillet<\/em><\/span>,\u00a0Ma\u00eetre-assistant en m\u00e9thodologie, coordinateur international, recherche<\/p>\n<p>Impliqu\u00e9 dans les GT politique de formation, GT formation aux actes de soins, GT stages<\/p>\n<p><span style=\"color: #3366ff;\"><em>Lyazid Hassaini<\/em><\/span>,\u00a0Ma\u00eetre-assistant psychologie, m\u00e9thodologie, p\u00e9dagogie g\u00e9n\u00e9rale, psychologie g\u00e9n\u00e9rale, psychosociale, psychologie du d\u00e9veloppement de communication<\/p>\n<p>Impliqu\u00e9 dans les GT\u00a0politique de formation, GT formation aux actes de soins, GT\u00a0TFE<\/p>\n<p><strong>HECH Charlemagne Les Rivageois &#8211; Li\u00e8ge<\/strong><\/p>\n<p><span style=\"color: #3366ff;\"><em>Nathalie Ganser<\/em><\/span>, Ma\u00eetre-Assistante en psychologie, Cours de psychologie (g\u00e9n\u00e9rale, de l&rsquo;enfant, psychopathologie, didactique), supervision des stages. Impliqu\u00e9e dans le GT stages<\/p>\n<p><span style=\"color: #3366ff;\"><em>Laurence Lambert<\/em><\/span>, Ma\u00eetre-assistante en psychologie, psychologie du handicap, techniques de communication et relation d&rsquo;aide, didactique professionnelle, supervision des stages. Impliqu\u00e9e dans le GT stages<\/p>\n<p><span style=\"color: #3366ff;\"><em>Sophie Logjes<\/em><\/span>,\u00a0Ma\u00eetre-assistante en psychologie, coordinatrice p\u00e9dagogique. \u00a0Impliqu\u00e9e dans les\u00a0GT politique de formation, \u00a0GT stages, GT site Form&rsquo;\u00e9duc<\/p>\n<p><strong>HEH, Haute Ecole en Hainaut &#8211; Mons<\/strong><\/p>\n<p><em><span style=\"color: #3366ff;\">Elise Fran\u00e7ois<\/span><\/em>, Ma\u00eetre-assistante langue fran\u00e7aise, techniques d&rsquo;expression orale et \u00e9crite, ma\u00eetrise de la langue \u00e9crite, exploration des discours professionnels, Impliqu\u00e9e dans le GT TFE<\/p>\n<p><em><span style=\"color: #0000ff;\">C\u00e9cile Busiau<\/span><\/em><\/p>\n<p><em><span style=\"color: #0000ff;\">Catherine Watrin, \u00a0<\/span><\/em><span style=\"color: #0000ff;\"><span style=\"color: #000000;\">Ma\u00eetre-assistante\u00a0<\/span><\/span><span style=\"color: #000000;\">p<\/span>sychologie du handicap, \u00a0m\u00e9canisme de la relation humaine, psychologie g\u00e9n\u00e9rale, \u00a0victimologie, impliqu\u00e9e\u00a0dans le GT politique .<\/p>\n<p><strong>HEH, Haute Ecole en Hainaut &#8211; Tournai<\/strong><\/p>\n<p><em><span style=\"color: #3366ff;\">B\u00e9n\u00e9dicte Wantier,<\/span><\/em>\u00a0Impliqu\u00e9e dans le GT politique de formation, dans le GT site Form&rsquo;\u00e9duc<\/p>\n<p><em><span style=\"color: #0000ff;\">Kathleen Lerminiaux<\/span><\/em><\/p>\n<p><strong>HE &#8211; \u00a0Jodoigne<\/strong><\/p>\n<p><span style=\"color: #3366ff;\"><em>Marc-Eric Dupuis<\/em><\/span>, Ma\u00eetre-Assistant en psychologie. \u00a0Cours de psychologie, didactique, stages<\/p>\n<p><strong>HELHa, Haute Ecole Louvain en Hainaut &#8211; Gosselies<\/strong><\/p>\n<p><span style=\"color: #3366ff;\"><em>Anne Moinil<\/em><\/span>, coordinatrice de section, Cours de\u00a0Formation socioculturelle et institutionnelle, d&rsquo;expression orale, m\u00e9thodologie de la recherche, PSEI. \u00a0Impliqu\u00e9e dans le GT TFE, GT politique de formation<\/p>\n<p><span style=\"color: #3366ff;\"><em>V\u00e9ronique Desqueuve<\/em><\/span>, Cours de\u00a0psychologie g\u00e9n\u00e9rale<\/p>\n<p><span style=\"color: #0000ff;\"><em>Louise Escoyez<\/em><\/span>, Cours de psychologie g\u00e9n\u00e9rale. \u00a0Impliqu\u00e9e dans la mise au vert 2022<\/p>\n<p><span style=\"color: #3366ff;\"><em>Marie Kegels<\/em><\/span>, Cours de\u00a0p\u00e9dagogie. \u00a0Impliqu\u00e9e dans le GT politique de formation<\/p>\n<p><span style=\"color: #3366ff;\"><em>Manon Lepoivre,<\/em><\/span> Cours de\u00a0ma\u00eetrise de la langue, expression, communication, \u00e9crits professionnels, formation socioculturelle et institutionnelle. \u00a0Impliqu\u00e9e dans le GT TFE<\/p>\n<p><span style=\"color: #3366ff;\"><em>V\u00e9ronique Englebienn<\/em>e<\/span>, Cours de\u00a0techniques d&rsquo;animation, \u00e9changes professionnels, techniques musicales. \u00a0Impliqu\u00e9e dans le GT stages<\/p>\n<p><span style=\"color: #3366ff;\"><em>V\u00e9ronique Vanderus<\/em>,<\/span> Cours de\u00a0techniques artistiques, \u00e9ducation aux m\u00e9dias et aux NTIC. \u00a0Impliqu\u00e9e dans le GT stages , dans le GT site Form&rsquo;\u00e9duc<\/p>\n<p><strong>HELMO &#8211; CFEL &#8211; Li\u00e8ge<\/strong><\/p>\n<p><em><span style=\"color: #3366ff;\">Fran\u00e7oise Bertrand<\/span><\/em><\/p>\n<p><em><span style=\"color: #3366ff;\">Tamara Martinez-Solis<\/span><\/em>, Educatrice sp\u00e9cialis\u00e9e. \u00a0Ma\u00eetre de Formation Pratique. \u00a0Impliqu\u00e9e dans le GT stages<\/p>\n<p><em><span style=\"color: #3366ff;\">Marjorie Nibona,<\/span><\/em> Ma\u00eetre Assistante en sociologie. \u00a0Cours d&rsquo;analyse des institutions<\/p>\n<p><em><span style=\"color: #3366ff;\">Persoons Isabelle<\/span><\/em>, Educatrice sp\u00e9cialis\u00e9e. Master en ing\u00e9nierie sociale. \u00a0Directrice du CFEL. \u00a0Impliqu\u00e9e dans le GT formation aux actes de soins, GT politique de formation<\/p>\n<p><em><span style=\"color: #3366ff;\">Emmanuel Renard,<\/span><\/em> Educateur sp\u00e9cialis\u00e9, philosophe. \u00a0Ma\u00eetre-Assistant en charge des cours de d\u00e9ontologie, d&rsquo;\u00e9thique professionnelle, de philosophie. \u00a0Impliqu\u00e9 dans le GT politique de formation.<\/p>\n<p><strong>HEPL &#8211; Haute Ecole Province de Li\u00e8ge<\/strong><\/p>\n<p><em><span style=\"color: #3366ff;\">Nadia Lambert,<\/span><\/em> Cours de psychologie du d\u00e9veloppement, didactique de l&rsquo;\u00e9ducation sp\u00e9cialis\u00e9e et du projet \u00e9ducatif et cours de questions sp\u00e9ciales de psychologie et de p\u00e9dagogie. \u00a0Coordinatrice p\u00e9dagogique, qualit\u00e9, personne relai Erasmus. \u00a0Impliqu\u00e9e dans le GT stages<\/p>\n<p><strong>IEPSCF &#8211; Frameries<\/strong><\/p>\n<p><span style=\"color: #3366ff;\"><em>C\u00e9line Gierts<\/em><\/span>, Cours ACSC, activit\u00e9s culturelles et sportives<\/p>\n<p><strong>IPEPS &#8211; Verviers<\/strong><\/p>\n<p><em><span style=\"color: #3366ff;\">Fran\u00e7oise Betsch<\/span><\/em>, Cours de communication, de th\u00e9orie de la communication, m\u00e9thodologie interp. gestion de conflits, \u00e9ducation aux m\u00e9dias, recherche appliqu\u00e9e, activit\u00e9s, animation, stage, TFE. Impliqu\u00e9e dans le GT TFE<\/p>\n<p><span style=\"color: #0000ff;\"><em><span style=\"color: #3366ff;\">Anne Coyette<\/span><\/em>,<\/span> Licence en arts et sciences de la communication. \u00a0Formation en dynamique de groupes et analyse institutionnelle. Cours : d\u00e9couverte de la profession, observation, analyse organisationnelle, dynamique de groupes, conduite de r\u00e9union, sociologie de la communication.<\/p>\n<p><em><span style=\"color: #3366ff;\">B\u00e9n\u00e9dicte Libioulle,<\/span><\/em> Cours de psychologie, psychop\u00e9dagogie, psychologie sociale, psychopathologie, questions sp\u00e9ciales en psychop\u00e9dagogie. \u00a0Impliqu\u00e9e dans le GT TFE<\/p>\n<p><strong>IPEPS &#8211; Li\u00e8ge<\/strong><\/p>\n<p><em><span style=\"color: #3366ff;\">Isabelle Montulet<\/span><\/em>, Licenci\u00e9e en sciences de l&rsquo;\u00e9ducation. Cours de d\u00e9couverte du m\u00e9tier, m\u00e9thodologie, psychop\u00e9dagogie. \u00a0Recherche projet. \u00a0Impliqu\u00e9e dans le GT TFE<\/p>\n<p><em><span style=\"color: #3366ff;\">Val\u00e9rie Nissen,<\/span><\/em> Educatrice sp\u00e9cialis\u00e9e. \u00a0Encadrement des stages. \u00a0Impliqu\u00e9e dans le GT TFE<\/p>\n<p>Autres membres de Form\u00e9duc :<\/p>\n<p><em><span style=\"color: #0000ff;\">Catherine Watrin,\u00a0Marie-Claire Dieu, L\u00e9o Theunissen, Marie Wibrin et Melvin Beepun<\/span><\/em><\/p>\n","protected":false},"excerpt":{"rendered":"<p>Le groupe Form\u00e9duc est constitu\u00e9 de formateurs d&rsquo;\u00e9tudiants \u00e9ducateurs sp\u00e9cialis\u00e9s qui enseignent diff\u00e9rentes disciplines. \u00a0Nous sommes plusieurs repr\u00e9sentants de chacune des \u00e9coles cit\u00e9es ci-dessous et nous avons chacun nos sp\u00e9cificit\u00e9s. \u00a0Nous pensons que cette diversit\u00e9 donne lieu \u00e0 des \u00e9changes riches et diversifi\u00e9s. \u00a0Certains d&rsquo;entre nous sont ou ont \u00e9t\u00e9 \u00e9ducateurs sp\u00e9cialis\u00e9s. \u00a0Parfois, nos parcours &hellip; <a href=\"https:\/\/formeduc.be\/?page_id=243\" class=\"more-link\">Continuer la lecture de <span class=\"screen-reader-text\">Diversit\u00e9 de notre m\u00e9tier de formateur<\/span><\/a><\/p>\n","protected":false},"author":1,"featured_media":317,"parent":2,"menu_order":0,"comment_status":"closed","ping_status":"closed","template":"","meta":{"footnotes":""},"class_list":["post-243","page","type-page","status-publish","has-post-thumbnail","hentry"],"_links":{"self":[{"href":"https:\/\/formeduc.be\/index.php?rest_route=\/wp\/v2\/pages\/243","targetHints":{"allow":["GET"]}}],"collection":[{"href":"https:\/\/formeduc.be\/index.php?rest_route=\/wp\/v2\/pages"}],"about":[{"href":"https:\/\/formeduc.be\/index.php?rest_route=\/wp\/v2\/types\/page"}],"author":[{"embeddable":true,"href":"https:\/\/formeduc.be\/index.php?rest_route=\/wp\/v2\/users\/1"}],"replies":[{"embeddable":true,"href":"https:\/\/formeduc.be\/index.php?rest_route=%2Fwp%2Fv2%2Fcomments&post=243"}],"version-history":[{"count":28,"href":"https:\/\/formeduc.be\/index.php?rest_route=\/wp\/v2\/pages\/243\/revisions"}],"predecessor-version":[{"id":785,"href":"https:\/\/formeduc.be\/index.php?rest_route=\/wp\/v2\/pages\/243\/revisions\/785"}],"up":[{"embeddable":true,"href":"https:\/\/formeduc.be\/index.php?rest_route=\/wp\/v2\/pages\/2"}],"wp:featuredmedia":[{"embeddable":true,"href":"https:\/\/formeduc.be\/index.php?rest_route=\/wp\/v2\/media\/317"}],"wp:attachment":[{"href":"https:\/\/formeduc.be\/index.php?rest_route=%2Fwp%2Fv2%2Fmedia&parent=243"}],"curies":[{"name":"wp","href":"https:\/\/api.w.org\/{rel}","templated":true}]}}

Diversité de notre métier de formateur

<p>Le groupe Forméduc est constitué de formateurs d&rsquo;étudiants éducateurs spécialisés qui enseignent différentes disciplines.  Nous sommes plusieurs représentants de chacune des écoles citées ci-dessous et nous avons chacun nos spécificités.  Nous pensons que cette diversité donne lieu à des échanges riches et diversifiés.  Certains d&rsquo;entre nous sont ou ont été éducateurs spécialisés.  Parfois, nos parcours professionnels, nos formations complémentaires ou nos intérêts nous ont conduits à donner tel ou tel cours.  Pour ces diverses raisons, nous avons décidé de nous présenter en indiquant les cours que nous enseignons et le groupe de travail (GT) dans lequel nous collaborons.</p>
<p><strong>Rhizome</strong></p>
<p><em><span style="color: #0000ff;">Pierre Van Hoye</span></em></p>
<p><strong style="font-weight: bold !important;">Haute Ecole R.Schuman &#8211; Virton</strong></p>
<p><span style="color: #3366ff;"><em>Isabelle Lambert</em></span> , Maître-Assistant de psychologie et de gérontologie, Coordinatrice du SAR, Impliquée dans le GT TFE</p>
<p><span style="color: #3366ff;"><em>Bernard Moch</em></span>, Maître-assistant, coordination stages.  Impliqué dans le GT stages</p>
<p><em><span style="color: #3366ff;">Anne-Claire Potvin,</span></em> Maître-Assistante en psychologie, coordination</p>
<p><strong>HEB &#8211; De Fré &#8211; Bruxelles</strong></p>
<p><span style="color: #3366ff;"><em>François Gillet</em></span>, Maître-assistant en méthodologie, coordinateur international, recherche</p>
<p>Impliqué dans les GT politique de formation, GT formation aux actes de soins, GT stages</p>
<p><span style="color: #3366ff;"><em>Lyazid Hassaini</em></span>, Maître-assistant psychologie, méthodologie, pédagogie générale, psychologie générale, psychosociale, psychologie du développement de communication</p>
<p>Impliqué dans les GT politique de formation, GT formation aux actes de soins, GT TFE</p>
<p><strong>HECH Charlemagne Les Rivageois &#8211; Liège</strong></p>
<p><span style="color: #3366ff;"><em>Nathalie Ganser</em></span>, Maître-Assistante en psychologie, Cours de psychologie (générale, de l&rsquo;enfant, psychopathologie, didactique), supervision des stages. Impliquée dans le GT stages</p>
<p><span style="color: #3366ff;"><em>Laurence Lambert</em></span>, Maître-assistante en psychologie, psychologie du handicap, techniques de communication et relation d&rsquo;aide, didactique professionnelle, supervision des stages. Impliquée dans le GT stages</p>
<p><span style="color: #3366ff;"><em>Sophie Logjes</em></span>, Maître-assistante en psychologie, coordinatrice pédagogique.  Impliquée dans les GT politique de formation,  GT stages, GT site Form&rsquo;éduc</p>
<p><strong>HEH, Haute Ecole en Hainaut &#8211; Mons</strong></p>
<p><em><span style="color: #3366ff;">Elise François</span></em>, Maître-assistante langue française, techniques d&rsquo;expression orale et écrite, maîtrise de la langue écrite, exploration des discours professionnels, Impliquée dans le GT TFE</p>
<p><em><span style="color: #0000ff;">Cécile Busiau</span></em></p>
<p><em><span style="color: #0000ff;">Catherine Watrin,  </span></em><span style="color: #0000ff;"><span style="color: #000000;">Maître-assistante </span></span><span style="color: #000000;">p</span>sychologie du handicap,  mécanisme de la relation humaine, psychologie générale,  victimologie, impliquée dans le GT politique .</p>
<p><strong>HEH, Haute Ecole en Hainaut &#8211; Tournai</strong></p>
<p><em><span style="color: #3366ff;">Bénédicte Wantier,</span></em> Impliquée dans le GT politique de formation, dans le GT site Form&rsquo;éduc</p>
<p><em><span style="color: #0000ff;">Kathleen Lerminiaux</span></em></p>
<p><strong>HE &#8211;  Jodoigne</strong></p>
<p><span style="color: #3366ff;"><em>Marc-Eric Dupuis</em></span>, Maître-Assistant en psychologie.  Cours de psychologie, didactique, stages</p>
<p><strong>HELHa, Haute Ecole Louvain en Hainaut &#8211; Gosselies</strong></p>
<p><span style="color: #3366ff;"><em>Anne Moinil</em></span>, coordinatrice de section, Cours de Formation socioculturelle et institutionnelle, d&rsquo;expression orale, méthodologie de la recherche, PSEI.  Impliquée dans le GT TFE, GT politique de formation</p>
<p><span style="color: #3366ff;"><em>Véronique Desqueuve</em></span>, Cours de psychologie générale</p>
<p><span style="color: #0000ff;"><em>Louise Escoyez</em></span>, Cours de psychologie générale.  Impliquée dans la mise au vert 2022</p>
<p><span style="color: #3366ff;"><em>Marie Kegels</em></span>, Cours de pédagogie.  Impliquée dans le GT politique de formation</p>
<p><span style="color: #3366ff;"><em>Manon Lepoivre,</em></span> Cours de maîtrise de la langue, expression, communication, écrits professionnels, formation socioculturelle et institutionnelle.  Impliquée dans le GT TFE</p>
<p><span style="color: #3366ff;"><em>Véronique Englebienn</em>e</span>, Cours de techniques d&rsquo;animation, échanges professionnels, techniques musicales.  Impliquée dans le GT stages</p>
<p><span style="color: #3366ff;"><em>Véronique Vanderus</em>,</span> Cours de techniques artistiques, éducation aux médias et aux NTIC.  Impliquée dans le GT stages , dans le GT site Form&rsquo;éduc</p>
<p><strong>HELMO &#8211; CFEL &#8211; Liège</strong></p>
<p><em><span style="color: #3366ff;">Françoise Bertrand</span></em></p>
<p><em><span style="color: #3366ff;">Tamara Martinez-Solis</span></em>, Educatrice spécialisée.  Maître de Formation Pratique.  Impliquée dans le GT stages</p>
<p><em><span style="color: #3366ff;">Marjorie Nibona,</span></em> Maître Assistante en sociologie.  Cours d&rsquo;analyse des institutions</p>
<p><em><span style="color: #3366ff;">Persoons Isabelle</span></em>, Educatrice spécialisée. Master en ingénierie sociale.  Directrice du CFEL.  Impliquée dans le GT formation aux actes de soins, GT politique de formation</p>
<p><em><span style="color: #3366ff;">Emmanuel Renard,</span></em> Educateur spécialisé, philosophe.  Maître-Assistant en charge des cours de déontologie, d&rsquo;éthique professionnelle, de philosophie.  Impliqué dans le GT politique de formation.</p>
<p><strong>HEPL &#8211; Haute Ecole Province de Liège</strong></p>
<p><em><span style="color: #3366ff;">Nadia Lambert,</span></em> Cours de psychologie du développement, didactique de l&rsquo;éducation spécialisée et du projet éducatif et cours de questions spéciales de psychologie et de pédagogie.  Coordinatrice pédagogique, qualité, personne relai Erasmus.  Impliquée dans le GT stages</p>
<p><strong>IEPSCF &#8211; Frameries</strong></p>
<p><span style="color: #3366ff;"><em>Céline Gierts</em></span>, Cours ACSC, activités culturelles et sportives</p>
<p><strong>IPEPS &#8211; Verviers</strong></p>
<p><em><span style="color: #3366ff;">Françoise Betsch</span></em>, Cours de communication, de théorie de la communication, méthodologie interp. gestion de conflits, éducation aux médias, recherche appliquée, activités, animation, stage, TFE. Impliquée dans le GT TFE</p>
<p><span style="color: #0000ff;"><em><span style="color: #3366ff;">Anne Coyette</span></em>,</span> Licence en arts et sciences de la communication.  Formation en dynamique de groupes et analyse institutionnelle. Cours : découverte de la profession, observation, analyse organisationnelle, dynamique de groupes, conduite de réunion, sociologie de la communication.</p>
<p><em><span style="color: #3366ff;">Bénédicte Libioulle,</span></em> Cours de psychologie, psychopédagogie, psychologie sociale, psychopathologie, questions spéciales en psychopédagogie.  Impliquée dans le GT TFE</p>
<p><strong>IPEPS &#8211; Liège</strong></p>
<p><em><span style="color: #3366ff;">Isabelle Montulet</span></em>, Licenciée en sciences de l&rsquo;éducation. Cours de découverte du métier, méthodologie, psychopédagogie.  Recherche projet.  Impliquée dans le GT TFE</p>
<p><em><span style="color: #3366ff;">Valérie Nissen,</span></em> Educatrice spécialisée.  Encadrement des stages.  Impliquée dans le GT TFE</p>
<p>Autres membres de Forméduc :</p>
<p><em><span style="color: #0000ff;">Catherine Watrin, Marie-Claire Dieu, Léo Theunissen, Marie Wibrin et Melvin Beepun</span></em></p>

<p>Le groupe Forméduc est constitué de formateurs d&rsquo;étudiants éducateurs spécialisés qui enseignent différentes disciplines.  Nous sommes plusieurs représentants de chacune des écoles citées ci-dessous et nous avons chacun nos spécificités.  Nous pensons que cette diversité donne lieu à des échanges riches et diversifiés.  Certains d&rsquo;entre nous sont ou ont été éducateurs spécialisés.  Parfois, nos parcours &hellip; <a href="https://formeduc.be/?page_id=243" class="more-link">Continuer la lecture de <span class="screen-reader-text">Diversité de notre métier de formateur</span></a></p>
